prime factors of 46965.
3, 5, 31, 101
What are the prime factors of 5525?
5, 13, 17
List the prime factors of 23060.
2, 5, 1153
What are the prime factors of 130872?
2, 3, 7, 19, 41
What are the prime factors of 146076?
2, 3, 7, 37, 47
What are the prime factors of 2785?
5, 557
What are the prime factors of 1182?
2, 3, 197
What are the prime factors of 6088?
2, 761
List the prime factors of 7027.
7027
List the prime factors of 34254.
2, 3, 11, 173
List the prime factors of 72811.
17, 4283
List the prime factors of 35436.
2, 3, 2953
What are the prime factors of 6303?
3, 11, 191
List the prime factors of 39948.
2, 3, 3329
List the prime factors of 38848.
2, 607
What are the prime factors of 3260?
2, 5, 163
List the prime factors of 30803.
30803
What are the prime factors of 6737?
6737
What are the prime factors of 14433?
3, 17, 283
List the prime factors of 38425.
5, 29, 53
What are the prime factors of 14703?
3, 13, 29
What are the prime factors of 3389?
3389
List the prime factors of 79960.
2, 5, 1999
List the prime factors of 785.
5, 157
List the prime factors of 5477.
5477
List the prime factors of 314.
2, 157
List the prime factors of 43767.
3, 1621
List the prime factors of 58236.
2, 3, 23, 211
List the prime factors of 4889.
4889
What are the prime factors of 45434?
2, 22717
What are the prime factors of 118166?
2, 59083
List the prime factors of 3212.
2, 11, 73
List the prime factors of 86987.
37, 2351
What are the prime factors of 118364?
2, 127, 233
List the prime factors of 12771.
3, 11, 43
List the prime factors of 7736.
2, 967
List the prime factors of 1057.
7, 151
What are the prime factors of 1115?
5, 223
What are the prime factors of 6437?
41, 157
List the prime factors of 28841.
151, 191
List the prime factors of 1232.
2, 7, 11
What are the prime factors of 53918?
2, 26959
What are the prime factors of 2803?
2803
List the prime factors of 1073.
29, 37
What are the prime factors of 45875?
5, 367
What are the prime factors of 1328?
2, 83
What are the prime factors of 352?
2, 11
List the prime factors of 2073.
3, 691
What are the prime factors of 121104?
2, 3, 29
What are the prime factors of 297?
3, 11
List the prime factors of 1283.
1283
What are the prime factors of 128313?
3, 53, 269
List the prime factors of 3056.
2, 191
List the prime factors of 890.
2, 5, 89
What are the prime factors of 7088?
2, 443
What are the prime factors of 113822?
2, 56911
List the prime factors of 18650.
2, 5, 373
What are the prime factors of 76829?
76829
List the prime factors of 1290.
2, 3, 5, 43
List the prime factors of 380.
2, 5, 19
List the prime factors of 2796.
2, 3, 233
What are the prime factors of 1689?
3, 563
What are the prime factors of 1326?
2, 3, 13, 17
What are the prime factors of 151?
151
List the prime factors of 72412.
2, 43, 421
List the prime factors of 53.
53
What are the prime factors of 4553?
29, 157
What are the prime factors of 7156?
2, 1789
List the prime factors of 107590.
2, 5, 7, 29, 53
List the prime factors of 98.
2, 7
What are the prime factors of 436?
2, 109
What are the prime factors of 2751?
3, 7, 131
List the prime factors of 14926.
2, 17, 439
What are the prime factors of 16702?
2, 7, 1193
List the prime factors of 39880.
2, 5, 997
What are the prime factors of 107713?
107713
What are the prime factors of 5963?
67, 89
List the prime factors of 113507.
223, 509
What are the prime factors of 126733?
126733
List the prime factors of 3487.
11, 317
What are the prime factors of 5483?
5483
What are the prime factors of 34442?
2, 17, 1013
List the prime factors of 18977.
7, 2711
List the prime factors of 1805.
5, 19
What are the prime factors of 23588?
2, 5897
List the prime factors of 14.
2, 7
List the prime factors of 32997.
3, 17, 647
List the prime factors of 42278.
2, 21139
What are the prime factors of 59017?
7, 8431
List the prime factors of 146474.
2, 73237
What are the prime factors of 32582?
2, 11, 1481
What are the prime factors of 6675?
3, 5, 89
What are the prime factors of 8418?
2, 3, 23, 61
What are the prime factors of 214?
2, 107
What are the prime factors of 1764?
2, 3, 7
What are the prime factors of 1960?
2, 5, 7
List the prime factors of 393.
3, 131
What are the prime factors of 16947?
3, 7, 269
What are the prime factors of 3166?
2, 1583
What are the prime factors of 102681?
3, 3803
List the prime factors of 23483.
23, 1021
List the prime factors of 43611.
3, 14537
List the prime factors of 913.
11, 83
What are the prime factors of 1335?
3, 5, 89
List the prime factors of 49930.
2, 5, 4993
List the prime factors of 6120.
2, 3, 5, 17
What are the prime factors of 2957?
2957
List the prime factors of 107270.
2, 5, 17, 631
List the prime factors of 896.
2, 7
List the prime factors of 107860.
2, 5, 5393
What are the prime factors of 115681?
29, 3989
List the prime factors of 5061.
3, 7, 241
What are the prime factors of 6967?
6967
What are the prime factors of 297?
3, 11
What are the prime factors of 5055?
3, 5, 337
List the prime factors of 34283.
34283
What are the prime factors of 8454?
2, 3, 1409
What are the prime factors of 1306?
2, 653
What are the prime factors of 10244?
2, 13, 197
List the prime factors of 4025.
5, 7, 23
What are the prime factors of 42642?
2, 3, 23, 103
List the prime factors of 34600.
2, 5, 173
List the prime factors of 3258.
2, 3, 181
List the prime factors of 8729.
7, 29, 43
List the prime factors of 1673.
7, 239
What are the prime factors of 30945?
3, 5, 2063
List the prime factors of 801.
3, 89
What are the prime factors of 24467?
43, 569
List the prime factors of 12458.
2, 6229
What are the prime factors of 48582?
2, 3, 2699
List the prime factors of 104.
2, 13
What are the prime factors of 6471?
3, 719
List the prime factors of 1897.
7, 271
List the prime factors of 4396.
2, 7, 157
What are the prime factors of 183?
3, 61
What are the prime factors of 745?
5, 149
What are the prime factors of 1538?
2, 769
What are the prime factors of 2248?
2, 281
List the prime factors of 1465.
5, 293
What are the prime factors of 121891?
7, 11, 1583
List the prime factors of 4643.
4643
List the prime factors of 41.
41
What are the prime factors of 96277?
43, 2239
List the prime factors of 2572.
2, 643
What are the prime factors of 1390?
2, 5, 139
What are the prime factors of 14081?
14081
List the prime factors of 48767.
48767
What are the prime factors of 5602?
2, 2801
List the prime factors of 2973.
3, 991
What are the prime factors of 21206?
2, 23, 461
List the prime factors of 16913.
13, 1301
What are the prime factors of 97478?
2, 17, 47, 61
List the prime factors of 12946.
2, 6473
What are the prime factors of 36956?
2, 9239
List the prime factors of 976.
2, 61
What are the prime factors of 12500?
2, 5
What are the prime factors of 1651?
13, 127
What are the prime factors of 2176?
2, 17
List the prime factors of 4545.
3, 5, 101
What are the prime factors of 6813?
3, 757
What are the prime factors of 343?
7
What are the prime factors of 23321?
23321
List the prime factors of 1261.
13, 97
What are the prime factors of 1125?
3, 5
What are the prime factors of 638?
2, 11, 29
List the prime factors of 1572.
2, 3, 131
What are the prime factors of 2193?
3, 17, 43
What are the prime factors of 3774?
2, 3, 17, 37
What are the prime factors of 99962?
2, 151, 331
What are the prime factors of 1072?
2, 67
List the prime factors of 3189.
3, 1063
What are the prime factors of 39247?
13, 3019
What are the prime factors of 16204?
2, 4051
What are the prime factors of 6437?
41, 157
What are the prime factors of 1004?
2, 251
What are the prime factors of 10751?
13, 827
What are the prime factors of 2158?
2, 13, 83
What are the prime factors of 421?
421
What are the prime factors of 7959?
3, 7, 379
What are the prime factors of 2810?
2, 5, 281
List the prime factors of 52824.
2, 3, 31, 71
What are the prime factors of 6905?
5, 1381
List the prime factors of 1005.
3, 5, 67
List the prime factors of 15556.
2, 3889
List the prime factors of 6420.
2, 3, 5, 107
What are the prime factors of 1425?
3, 5, 19
What are the prime factors of 34340?
2, 5, 17, 101
What are the prime factors of 1277?
1277
List the prime factors of 591.
3, 197
List the prime factors of 34523.
19, 23, 79
What are the pr